vert acc4cd (base 15) to base 14.
1147d47
Convert -44120 (base 5) to base 7.
-11564
What is -943904 (base 10) in base 16?
-e6720
1460241 (base 8) to base 7
3360344
Convert -205064346 (base 7) to base 11.
-6938343
What is -13003400321 (base 5) in base 15?
-159c3ab
-11001000010000111001 (base 2) to base 10
-820281
295538 (base 12) to base 4
2221112330
-234343042 (base 5) to base 10
-1090397
101100010101011011010000 (base 2) to base 16
b156d0
What is -470381 (base 9) in base 16?
-44f47
What is 10200111200 (base 3) in base 14?
1c616
Convert 2323330114 (base 5) to base 15.
6e8259
12323320333 (base 4) to base 13
4b8758
10000001100100111010 (base 2) to base 6
15213054
Convert -3332022330 (base 4) to base 14.
-1d1592
Convert 21102012200111 (base 3) to base 11.
2251815
What is 19aba2 (base 13) in base 10?
652303
What is -96b8c (base 13) in base 2?
-1000010011101001110
What is 14b945 (base 12) in base 13?
c4382
-244472 (base 9) to base 11
-a0a25
What is 2200100100022 (base 3) in base 9?
2610308
1636744 (base 9) to base 5
213113044
What is 31144a (base 11) in base 2?
1111001111111001111
12281385 (base 10) to base 9
25087803
Convert 150348 (base 10) to base 12.
73010
-11010111110001011101 (base 2) to base 10
-883805
-410014 (base 7) to base 3
-10112112021
-60524 (base 7) to base 4
-3211031
Convert -623346 (base 7) to base 9.
-172516
Convert 34051 (base 11) to base 3.
2111122001
What is 5750d (base 15) in base 10?
277888
What is -27a39 (base 15) in base 13?
-45b70
321440212 (base 5) to base 9
2500835
Convert -1100210202022 (base 3) to base 10.
-724445
-266013 (base 16) to base 3
-11201202212210
89648 (base 15) to base 9
735145
Convert 41992 (base 16) to base 2.
1000001100110010010
What is -3b7209 (base 12) in base 3?
-1212010220000
What is 11141022 (base 5) in base 9?
161448
203220020100 (base 4) to base 13
1c1cca0
129335 (base 12) to base 9
516175
Convert 11330224 (base 5) to base 8.
315150
Convert -101001000001011110111 (base 2) to base 9.
-2467857
What is 64775 (base 14) in base 10?
242947
-1354 (base 14) to base 8
-6516
-121a60 (base 13) to base 12
-18a278
What is 120422032 (base 5) in base 4?
2020323330
Convert -152d37 (base 15) to base 10.
-1022227
What is 122000001020 (base 3) in base 2?
1010001101100110100
Convert -6146 (base 11) to base 3.
-102012010
Convert 1005 (base 16) to base 2.
1000000000101
What is 1041200013 (base 6) in base 4?
222330330021
Convert 26350373 (base 8) to base 11.
3360434
Convert -876c35 (base 13) to base 9.
-5884642
What is 10000010010101110110010 (base 2) in base 15?
595751
What is 79339 (base 11) in base 10?
114871
Convert 100111111001101101 (base 2) to base 7.
1250331
-36311051 (base 7) to base 6
-153120232
Convert -2112422314 (base 5) to base 6.
-234424302
-12585303 (base 9) to base 10
-6197475
What is 26479 (base 15) in base 4?
131322102
Convert -8608114 (base 10) to base 16.
-835972
510683 (base 9) to base 4
1021310133
11105612 (base 7) to base 14
1adc09
Convert -1114040231 (base 6) to base 7.
-205642330
Convert -25a6b0 (base 14) to base 13.
-365178
What is -571312 (base 8) in base 4?
-233023022
20587 (base 12) to base 4
22110313
What is 232223 (base 9) in base 13?
4b5ca
What is -58356 (base 14) in base 12?
-a42b4
What is 31519 (base 13) in base 15?
1b467
What is -20b124 (base 14) in base 13?
-2c9597
1110100100111111001010 (base 2) to base 9
7164116
-5435250 (base 6) to base 9
-450553
What is 24a4343 (base 11) in base 10?
4339470
-234300030 (base 5) to base 7
-12146412
-2021200002221 (base 3) to base 8
-4502650
Convert -26058 (base 16) to base 11.
-a7009
What is -a61318 (base 13) in base 12?
-1375525
Convert -238050 (base 9) to base 4.
-203010222
Convert -282393 (base 15) to base 6.
-105221133
What is 244132004 (base 5) in base 15?
17e239
What is 373271 (base 8) in base 11?
88768
Convert 21230403 (base 5) to base 10.
180103
Convert -11119b3 (base 13) to base 10.
-5230527
-714879 (base 11) to base 2
-100011000010111011000
-112020010101 (base 3) to base 4
-1010113123
-200100103313 (base 4) to base 11
-4855751
What is -132212 (base 5) in base 10?
-5307
Convert 2663634 (base 8) to base 6.
24004140
-330322203 (base 4) to base 12
-100483
Convert -930688 (base 10) to base 5.
-214240223
-220203333 (base 4) to base 16
-288ff
-988ca (base 13) to base 10
-276143
-10245924 (base 10) to base 8
-47053444
Convert -161592 (base 11) to base 8.
-752066
17eac1 (base 15) to base 16
11c0a7
What is -12102102002102 (base 3) in base 9?
-5372072
Convert 622341 (base 7) to base 3.
12102002200
What is 248c50 (base 13) in base 2?
11010101111111010011
What is -304201333 (base 5) in base 4?
-10232330023
What is -281cc0 (base 13) in base 11?
-606968
What is 5636610 (base 8) in base 3?
2212101021101
Convert -2612244 (base 8) to base 3.
-1100220010120
-49c0c (base 14) to base 2
-101100000111110100
What is 105700 (base 8) in base 3?
1211002001
Convert 1321285 (base 11) to base 7.
25266511
Convert -60381 (base 9) to base 12.
-1ab6a
-642330 (base 9) to base 3
-201102101000
Convert -31043151 (base 7) to base 3.
-11220001011010
-491434 (base 11) to base 7
-6416466
-211202202220110 (base 3) to base 11
-69153a8
Convert -84a211 (base 11) to base 8.
-5141230
What is -150411 (base 11) in base 2?
-111001010100000000
Convert 50418 (base 13) to base 14.
3a422
203442012 (base 6) to base 7
42024554
Convert 2220021112221 (base 3) to base 16.
1782ac
44213 (base 10) to base 16
acb5
-202220022202 (base 3) to base 10
-411392
-1110101110001011 (base 2) to base 12
-2aa8b
What is 22224155 (base 6) in base 4?
2210020013
Convert -301231101130 (base 4) to base 9.
-26460424
-44b844 (base 14) to base 9
-4351403
Convert -a35a2b (base 12) to base 6.
-130514455
Convert 113312120 (base 4) to base 6.
2032132
2902873 (base 10) to base 7
33450121
What is -75520346 (base 8) in base 12?
-54b5746
What is -25d68 (base 14) in base 7?
-535461
Convert 694212 (base 10) to base 6.
22513540
What is -1285076 (base 11) in base 4?
-20131120321
What is -537476 (base 14) in base 16?
-2b1910
What is -33503033 (base 6) in base 14?
-1c768d
What is -12231411 (base 5) in base 11?
-804a9
Convert -1938413 (base 12) to base 7.
-63032001
What is 72350 (base 13) in base 14?
54953
Convert 101331311 (base 5) to base 3.
210012222121
What is 3a4ce2 (base 15) in base 9?
5237855
Convert -1525345 (base 6) to base 14.
-247bb
-1103330312 (base 4) to base 6
-11211542
What is 2102020102201 (base 3) in base 4?
10321133311
Convert 222434 (base 14) to base 10.
1158798
17780c (base 14) to base 8
3120204
-10c4db (base 14) to base 7
-4600564
Convert 421105525 (base 6) to base 16.
6fe89d
Convert -520002011 (base 6) to base 10.
-8958391
214813 (base 11) to base 5
41434144
Convert -15024203 (base 6) to base 8.
-1761213
-a83b92 (base 12) to base 11
-155834a
What is 22012111021 (base 3) in base 6?
3243311
-502440 (base 6) to base 15
-ba70
What is -235125 (base 7) in base 16?
-a668
-efb5 (base 16) to base 10
-61365
13323014 (base 5) to base 13
49ba3
Convert 20222300 (base 4) to base 6.
432212
What is 604652 (base 9) in base 12?
15303b
What is -841607 (base 9) in base 11?
-311607
What is -377411 (base 11) in base 15?
-bb66d
What is 18727 (base 9) in base 10?
12985
2075254 (base 11) to base 3
20212120101012
What is 6067031 (base 8) in base 3?
10000100020010
Convert 12872752 (base 9) to base 3.
102222102211202
-331302111 (base 5) to base 6
-50403243
What is -11110001010110 (base 2) in base 14?
-58b4
136551 (base 12) to base 4
1032222031
-5610b (base 13) to base 10
-156167
Convert -281186 (base 9) to base 11.
-107916
2331a (base 11) to base 2
1000001101111011
Convert -132312 (base 7) to base 5.
-1243402
What is 524241 (base 8) in base 12?
84a01
Convert -11000011111011110 (base 2) to base 5.
-11202233
-62a219 (base 16) to base 4
-120222020121
1255012 (base 8) to base 16
55a0a
11695 (base 11) to base 15
4ea2
112245244 (base 6) to base 9
3812051
31021343 (base 5) to base 8
753121
110122002 (base 4) to base 13
2c079
100211211102021 (base 3) to base 7
62321425
1573858 (base 10) to base 6
53422214
120021202011 (base 3) to base 11
196079
1a705 (base 14) to base 3
10102020010
Convert -1c147 (base 14) to base 10.
-71603
What is -707c2c (base 13) in base 2?
-1001111110110010110000
-43213243 (base 5) to base 11
-230562
What is 130754 (base 8)